in base 12?
4175
-75715 (base 8) to base 12
-16411
Convert -1030021 (base 5) to base 13.
-7c80
707 (base 9) to base 13
352
Convert -3673 (base 9) to base 10.
-2739
-2724 (base 13) to base 14
-2087
Convert -69 (base 11) to base 7.
-135
What is 11566 (base 9) in base 10?
7755
What is -c31 (base 15) in base 13?
-1333
-1103310 (base 4) to base 2
-1010011110100
-1010012212 (base 3) to base 11
-15606
-136 (base 7) to base 4
-1030
What is -666 (base 8) in base 3?
-121020
68009 (base 10) to base 11
47107
Convert -3033020 (base 4) to base 14.
-4b8c
What is 475 (base 10) in base 6?
2111
-71a (base 12) to base 13
-613
What is 35103 (base 7) in base 8?
21412
-101134 (base 5) to base 12
-1aa6
What is -41504 (base 6) in base 4?
-1113100
-21301 (base 5) to base 16
-5ab
Convert -2636 (base 7) to base 9.
-1338
Convert 54f (base 16) to base 2.
10101001111
What is 5809 (base 10) in base 8?
13261
-1011111001 (base 2) to base 11
-632
What is 13315 (base 9) in base 15?
2a05
Convert 13303 (base 5) to base 6.
4554
Convert 257 (base 9) to base 15.
e4
Convert -6517 (base 10) to base 4.
-1211311
What is -1432 (base 9) in base 10?
-1082
What is -22ac (base 13) in base 9?
-6615
-3720 (base 11) to base 15
-1692
Convert -48a2 (base 13) to base 8.
-24040
26572 (base 12) to base 14
15286
Convert 6dd8 (base 15) to base 5.
1222003
Convert -13042 (base 5) to base 12.
-712
-1150 (base 7) to base 6
-1551
What is 112 (base 5) in base 9?
35
What is -3f2a (base 16) in base 9?
-24156
What is -210101 (base 4) in base 3?
-10011222
4115 (base 10) to base 2
1000000010011
What is -510 (base 15) in base 3?
-1120020
6551 (base 10) to base 11
4a16
Convert -204 (base 10) to base 11.
-176
What is -474 (base 8) in base 5?
-2231
What is -118 (base 13) in base 9?
-231
-c50 (base 13) to base 7
-6050
-6328 (base 11) to base 14
-30a7
-538 (base 13) to base 11
-741
Convert 50366 (base 7) to base 16.
2fa8
What is 4442 (base 10) in base 6?
32322
Convert -4375 (base 10) to base 16.
-1117
-1039 (base 11) to base 15
-618
Convert -41040 (base 7) to base 9.
-14613
Convert 3745 (base 9) to base 2.
101011101011
What is 12013 (base 6) in base 13?
a38
1464 (base 14) to base 3
11221221
Convert 529 (base 12) to base 6.
3253
What is -b93 (base 14) in base 12?
-13a5
Convert 16367 (base 11) to base 15.
6c78
What is -5e9a (base 16) in base 8?
-57232
What is -11200010 (base 3) in base 14?
-1353
Convert -12330 (base 4) to base 13.
-282
What is -683 (base 10) in base 6?
-3055
What is -244 (base 8) in base 9?
-202
What is -284 (base 13) in base 3?
-121112
10000122 (base 3) to base 4
202130
Convert -2230 (base 5) to base 14.
-187
What is 2241 (base 9) in base 6?
11401
Convert 2d68 (base 14) to base 6.
101344
Convert 202155 (base 6) to base 4.
3322313
-26 (base 7) to base 14
-16
What is 610 (base 12) in base 15?
3d6
0 (base 5) to base 4
0
What is 1ff (base 16) in base 11?
425
Convert -3321 (base 4) to base 5.
-1444
What is -17ac (base 16) in base 4?
-1132230
-33 (base 16) to base 15
-36
What is -42223 (base 5) in base 10?
-2813
Convert 100541 (base 7) to base 14.
6321
280 (base 16) to base 2
1010000000
What is 18aa7 (base 11) in base 8?
63770
-30023033 (base 4) to base 3
-2112102002
-993 (base 11) to base 16
-4a7
-1357 (base 11) to base 13
-a51
807c (base 13) to base 9
26223
Convert -1010001000111 (base 2) to base 4.
-1101013
-2003 (base 5) to base 16
-fd
Convert -aee (base 15) to base 12.
-1522
-13737 (base 14) to base 4
-23233011
What is -2104 (base 6) in base 12?
-334
Convert 1609 (base 13) to base 5.
100340
What is 48 (base 9) in base 4?
230
What is -12733 (base 11) in base 5?
-1040221
Convert -354 (base 8) to base 15.
-10b
What is -519 (base 13) in base 15?
-3cc
Convert 134544 (base 6) to base 13.
5a49
492 (base 12) to base 7
2000
a04 (base 11) to base 10
1214
11087 (base 9) to base 14
2985
-111101011000 (base 2) to base 12
-2334
-303a5 (base 11) to base 6
-541321
What is 1210 (base 6) in base 3?
101220
33222 (base 7) to base 6
102350
Convert d27 (base 16) to base 3.
11121201
Convert -1020 (base 7) to base 5.
-2412
What is -28 (base 11) in base 7?
-42
What is 1b1 (base 12) in base 14?
15b
Convert -1a0 (base 15) to base 11.
-311
What is 704 (base 8) in base 2?
111000100
Convert 112112 (base 5) to base 3.
12112100
What is b786 (base 13) in base 11?
18146
Convert 131442 (base 6) to base 16.
2f12
Convert -14329 (base 11) to base 2.
-100111110000111
Convert 13220 (base 11) to base 8.
44722
What is 384 (base 10) in base 8?
600
Convert -2221212 (base 3) to base 9.
-2855
-111114 (base 7) to base 8
-46233
-127 (base 12) to base 7
-340
3b4 (base 12) to base 16
238
-100011101100111 (base 2) to base 9
-27060
-118 (base 14) to base 8
-332
What is -13b6 (base 13) in base 7?
-11214
6105 (base 7) to base 15
95c
Convert -4313420 (base 5) to base 7.
-422533
What is -1086 (base 9) in base 8?
-1447
1052 (base 9) to base 2
1100001000
312011 (base 4) to base 3
11202012
-127aa (base 13) to base 10
-34278
-c3d5 (base 14) to base 13
-12457
What is 10061 (base 9) in base 10?
6616
Convert 1010111001000 (base 2) to base 10.
5576
-28a08 (base 11) to base 8
-120274
What is 10a1 (base 12) in base 9?
2474
What is -50a1 (base 12) in base 6?
-104321
Convert -302131 (base 5) to base 9.
-14230
What is 5001 (base 12) in base 14?
3213
Convert -111110001 (base 2) to base 11.
-412
What is -9855 (base 12) in base 14?
-617b
-10001110110000 (base 2) to base 5
-243021
Convert -10a27 (base 12) to base 11.
-15759
4115 (base 6) to base 15
40b
What is -9b69 (base 12) in base 10?
-17217
What is 48e6 (base 16) in base 14?
6b30
What is -564 (base 16) in base 7?
-4011
-2134 (base 5) to base 6
-1210
11c1 (base 13) to base 3
10110110
What is -3302424 (base 5) in base 8?
-156446
What is -1748 (base 10) in base 6?
-12032
Convert 56846 (base 10) to base 14.
16a06
-1101010000 (base 2) to base 5
-11343
Convert 834 (base 15) to base 7.
5251
Convert -2122 (base 3) to base 9.
-78
-2474 (base 8) to base 5
-20330
What is 21012222 (base 3) in base 10?
5264
10212020 (base 4) to base 11
13163
What is -665 (base 8) in base 7?
-1163
What is -256d (base 14) in base 13?
-2cb0
-25443 (base 7) to base 5
-203434
4e0c (base 15) to base 5
1013122
-261 (base 8) to base 2
-10110001
What is 5020 (base 6) in base 12?
770
946 (base 10) to base 12
66a
What is 14413 (base 5) in base 14?
641
What is -329 (base 13) in base 12?
-392
Convert -2c68 (base 16) to base 9.
-16531
Convert 1110000101101 (base 2) to base 3.
100220011
Convert -6163 (base 9) to base 13.
-2091
What is 15660 (base 7) in base 12?
26b0
-1a56 (base 12) to base 4
-302202
8d2 (base 15) to base 14
a29
5231 (base 6) to base 12
817
-134 (base 14) to base 13
-158
Convert -1747 (base 8) to base 16.
-3e7
What is 1202221221 (base 3) in base 16?
8893
What is -1021001 (base 3) in base 5?
-12134
What is -3013100 (base 4) in base 12?
-7468
What is -47 (base 12) in base 3?
-2001
12113 (base 4) to base 3
120002
62561 (base 8) to base 6
320121
What is 288 (base 14) in base 9?
628
What is -165c (base 13) in base 14?
-12ac
6447 (base 8) to base 15
ee7
What is 12344 (base 6) in base 11?
1445
Convert -1100 (base 11) to base 4.
-112230
Convert 4560 (base 8) to base 2.
100101110000
377 (base 8) to base 10
255
What is 1140 (base 14) in base 12?
1898
What is 116455 (base 7) in base 2?
101001111111110
2349 (base 13) to base 7
20316
Convert -aa9 (base 11) to base 13.
-7b3
23640 (base 9) to base 2
11110111010111
What is -623 (base 13) in base 2?
-10000010011
Convert -1691 (base 10) to base 4.
-122123
-344 (base 7) to base 14
-cb
210543 (base 7) to base 10
36291
What is -23121 (base 4) in base 5?
-10404
13042 (base 5) to base 3
1101212
-110100011111000 (base 2) to base 7
-141226
Convert 1165b (base 14) to base 4.
22112301
What is 12102 (base 4) in base 6?
1510
Convert -1424 (base 5) to base 14.
-131
Convert 10101010101 (base 2) to base 14.
6d7
Convert -4562 (base 16) to base 12.
-a342
What is -12132 (base 4) in base 15?
-1c9
-307e (base 16) to base 13
-585c
What is 10322021 (base 4) in base 16?
4e89
33a (base 15) to base 3
1000001
What is 32160 (base 7) in base 14?
2ca0
-11110 (base 2) to base 16
-1e
815 (base 12) to base 8
2221
What is 2d25 (base 15) in base 11?
7328
947 (base 15) to base 6
13404
Convert 20223 (base 5) to base 13.
7a0
Convert -132a (base 13